 a(4). Let v(l) = 4*l**2 - 8*l + 1. Let r(j) = 0 + 3*j**2 - 5*j - 8*j + 6*j + 2. Let u(d) = 3*r(d) - 2*v(d). Calculate u(b).
0
Let p(q) = q**3 + 20*q**2 - 45*q - 10. Suppose 229*y + 34*y + 5742 = 2*y. Determine p(y).
12
Let d(y) = 6*y**2 - 2*y - 1. Let s be d(-1). Let a(c) = -223*c - 4. Let k(r) = 224*r + 13. Let g(h) = a(h) + k(h). Give g(s).
16
Suppose -3*u + 27 = 2*o - 0*u, 4*o - 4*u - 44 = 0. Let g(a) = -3*a + 32. Let l be g(o). Let z(k) be the first derivative of -k**2/2 - 5*k + 8. What is z(l)?
-1
Let p(d) be the second derivative of d**3/6 - 2*d**2 - 107*d + 2. Let z be 21/(-3) - (0 - 2). Determine p(z).
-9
Let k(d) = -d**2 - 8*d - 5. Let r(q) = 4*q - 46. Let o(p) = 8*p - 20. Let n be o(7). Let t = 46 - n. Let s be r(t). Give k(s).
7
Suppose 2*b + 2 = -j + 3*j, 2*j + 5*b = -12. Let y = j + -4. Let u be (2 - y) + (-10)/(-2). Let a(c) = c**2 - 12*c - 8. Give a(u).
-8
Let o(a) = 35*a**2 + a + 2. Let t(i) = -104*i**2 - 5*i - 11. Let r(s) = -3*o(s) - t(s). Let g(f) = f + 1. Let v be g(-5). What is r(v)?
-19
Let a(q) be the second derivative of q**4/4 - 2*q**3/3 + 3*q**2/2 - 5*q. Let j(h) = -6*h**2 - 2*h - 1. Let v be j(-1). Let s = v + 7. Give a(s).
7
Let x(d) = -653*d - 5197. Let r be x(-8). Let s(a) be the second derivative of -1/12*a**4 + a**3 - r*a + 0 - 9/2*a**2. Determine s(7).
-16
Let v(z) = -z - 3. Let k(t) = -t**2 + 9*t - 16. Let b be k(5). Let w be ((-8)/12)/(b/(-90)). Suppose -5*q + w + 10 = 0. Calculate v(q).
-8
Let f(o) = -5*o - 1. Let y be f(-1). Let z(c) = -4*c + 24*c - 12*c - 6 - 4*c. Determine z(y).
10
Let o be ((-10)/6*-3)/1. Let n(g) = 5*g**2 + 0 + 5*g**3 + o*g - 2 - 6*g**3. Suppose -y - 3*v = 3*y - 30, 22 = 4*y - v. Calculate n(y).
-8
Let q(p) = -12 - 168*p**2 + 167*p**2 - 4*p - 9 + 17. Give q(-2).
0
Let h(d) = -4 - 1168*d + 2329*d + 17*d**2 - 4*d**3 - 1162*d + 3*d**3. Give h(17).
-21
Let b(o) = o**2 + 6*o + 3. Suppose 2*j = -j + 162. Let l = -46 + j. Suppose 40 = -l*s + 8. Calculate b(s).
-5
Let b(s) be the second derivative of s**5/120 + 5*s**4/24 - 2*s**3 + 8*s**2 + 77*s. Let k(p) be the second derivative of b(p). Determine k(-5).
0
Let w(g) = -2*g**2 + 10*g + 1. Let f = 1920 + -1924. Give w(f).
-71
Let u(c) = -7 - 3*c + c + 4. Suppose -3*h + 15579 = 15594. Let a(g) = 2*g + 2. Let k(s) = h*u(s) - 6*a(s). Calculate k(3).
-3
Let k(z) be the first derivative of -4*z**3 + 32*z**2 - 18*z + 3738. Calculate k(5).
2
Let y(c) = -10*c - 2. Let i be 2/11 + (-6754)/(-121). Suppose 9*s + i = 47. Give y(s).
8
Let c(u) = u**3 - u**2. Suppose -16*y + 38 = -13*y + n, -3*y + 48 = 3*n. Suppose -26 = y*m - 48. Give c(m).
4
Let i(s) = -s**3 + 11*s**2 - 16*s - 18. Let d(h) = h**3 + 46*h**2 - h - 37. Let k be d(-46). What is i(k)?
0
Let y(l) be the first derivative of l**3/3 - 9*l**2/2 + 5*l + 679. Suppose -2*q - t = -3*q + 2, -25 = -2*q - 5*t. Calculate y(q).
-15
Suppose -5*b = l - 20, -4*l + 4*b + 0*b + 8 = 0. Let i(x) = 0 - l*x - 926*x**2 - 5 + 927*x**2. Calculate i(7).
9
Let z(x) = -x**3 - 6*x**2 + 2*x + 1. Let y = -4517 + 4511. What is z(y)?
-11
Let p(u) = u**2 - 21*u + 35. Let s be p(19). Let i be (-2 - ((-12)/9 + 0))*s. Let f(l) = -15*l**2 - l - 4 + 6 - 1 + 7*l**i. Give f(1).
-8
Suppose -52*s + 6 = -51*s. Let r(l) = -8 - 2*l + s*l - 7 - 6*l. Give r(-8).
1
Let j(y) = 7513889 + 3*y**2 - 7513892 + 0*y - y**3 + 3*y. Let f(t) = t**3 + 4*t**2 - 5*t + 4. Let n be f(-5). Give j(n).
-7
Let i = -103 + 120. Let z(o) = 23 - 40 - o**2 - o + i. Give z(-1).
0
Let q(v) = -8*v**3 - v + 1. Let r(d) = d**2 + 12. Let g be r(3). Suppose -g*i = -18*i - 3. Determine q(i).
-8
Suppose -15 = 6*p + 3. Let x(h) = h**3 + 5*h**2 + 4*h + 1. Let w be x(p). Let d(f) = 2*f - 5. Give d(w).
9
Let b(m) = -2*m**2 + m. Let t(w) = 2*w**3 + 9*w**2 - 8*w - 12. Let g be t(-5). Let r be g*7/(42/286). Let n be (-31)/11 + (-26)/r. Determine b(n).
-21
Suppose -66*y + 30 = -56*y. Let r(a) = a**2 + 1 - 59*a**y + 31*a**3 + 41*a**3 - 2. Let l = 0 + -1. Determine r(l).
-13
Let m be 1/((2/8)/(1/2)). Let w(h) = 0*h**2 - h**2 + 6*h + 5*h - m*h - 9. Suppose 2*v = -v + 21. What is w(v)?
5
Let g be 7/(-2)*204/(-21). Suppose -3*o = 169 - g. Let s = o - -38. Let w(y) = -y - 10. Calculate w(s).
-3
Let k(o) = o**3 + 7*o**2 + 3*o - 20. Suppose -112*v + 98*v - 84 = 0. Determine k(v).
-2
Let u(k) = -k. Suppose 4*q = -3*s - 16, -5*q = 4*s - 10 + 31. Let y be 3/(2 - -1) - q. Calculate u(y).
-2
Let w = -5008 + 5065. Let b(i) = -i**2 + 61*i - 239. Calculate b(w).
-11
Let f = -520 - -515. Let y(l) = -4*l - 15. What is y(f)?
5
Let u = 14 + -6. Let o(z) = 5*z**2 + 3*z + 62. Let k(f) = 2*f**2 - f + 23. Let x(a) = 3*k(a) - o(a). Calculate x(u).
23
Let o(j) = 266 - 26*j + 109*j + 10*j + 463 - 19*j. What is o(-10)?
-11
Let u be 69/(1104/704) - 34. Let j(g) be the second derivative of g**3/6 - 4*g**2 - g. Determine j(u).
2
Let m(u) be the third derivative of -u**5/20 + 31*u**4/24 - 8*u**3/3 - 3*u**2 + 7*u + 5. Give m(10).
-6
Let b = 37 - 35. Suppose -3*p + 7 = 4*z - 2*z, 0 = 5*p + b*z - 17. Suppose p = 12*c + 5. Let d(w) = -w**3 + w**2 + w - 4. Calculate d(c).
-4
Let f(o) = o**2 - 8*o - 5. Let q be (2 + (-20)/12)/((-5)/(-75)). Let r(z) = -z**3 + 4*z**2 + 5*z + 8. Let t be r(q). Give f(t).
-5
Let v = 4200 - 4212. Let d(l) = l. Let w(i) = -15*i + 30. Let b(c) = 18*d(c) + w(c). Determine b(v).
-6
Let t(c) = 75 - 11*c - 84 + 11 + c**2. Give t(9).
-16
Let c(f) be the second derivative of f**3/6 + 22*f**2 - 230*f. Give c(0).
44
Let a(g) = 2*g**3 - 10*g**2 - 9*g - 21. Let s(r) = -2*r**3 + 10*r**2 + 7*r + 32. Let p(v) = 3*a(v) + 2*s(v). What is p(6)?
-5
Let m be 0 + (-2)/(-17) - (-468)/(-3978). Let r(n) = n. Let j be r(2). Let w(p) = 10 - 3*p**3 - 1 + j*p**3. Give w(m).
9
Let s(q) = -q**2 + 17*q - 73. Suppose 0 = 248*v - 220*v - 26 - 198. Determine s(v).
-1
Let r(v) = -v - 4. Let h = 50 + -60. Let m be -1*(-4)/h - 848/(-20). Let w = -42 + m. Calculate r(w).
-4
Let l(p) = 152*p - 265. Let o(r) = 67*r - 132. Let w(q) = -4*l(q) + 9*o(q). What is w(-23)?
-13
Let k(n) = -n**2 + 3*n + 4. Let u be (-4)/6 - (1/3 - 1). Let i be (4/5 - u)/((-5)/(-25)). What is k(i)?
0
Let w be -5 + -7 - -13 - 3. Let u(s) = 33*s - 3. Calculate u(w).
-69
Suppose 70 = 16*l + 230. Let t(v) = v**2 + 11*v + 9. Let a be t(l). Let k(o) = -6*o**3 - o**2 - o - 1. Give k(a).
5
Let m(u) be the first derivative of -u**4/6 - u**3/2 + 3*u**2/2 - 41*u - 24. Let v(f) be the first derivative of m(f). What is v(2)?
-11
Let y = 19924 - 19921. Let v(k) = 9*k**2 + 3*k - 14. Determine v(y).
76
Let s(c) = c**2 + c - 11. Let o(b) = -77*b + 618. Let l be o(8). Suppose 5*z = 4*v - 36, 6*v = 3*v - 4*z - 4. Suppose 4 - v = l*a. Give s(a).
-11
Suppose 2*z + 60 - 64 = 0, -2*z = 5*d + 41. Let j(p) = p**3 + 11*p**2 + 16*p - 7. Determine j(d).
11
Let c(d) be the second derivative of -d**5/20 + 19*d**4/12 - d**3/6 + 31*d**2/2 - 7*d + 22. What is c(19)?
12
Let u(p) = 23 - 48*p**3 - 56*p**2 + 33 + 86*p**3 + 0*p - 37*p**3 - p. Determine u(56).
0
Let m(r) = -r - 120 + 2*r - 45 - 7*r + 233. Give m(10).
8
Let y(u) = -4*u + 5. Let a(w) = -5*w + 2. Let g(x) = 3*a(x) - 2*y(x). Let t be 29/5 - (-10)/50. Let v be (-2)/t*(14 - 5). Determine g(v).
17
Let f(z) = -5*z**3 + 7*z**2 + 5*z + 24. Let q(i) = -9*i**3 + 13*i**2 + 9*i + 45. Let h(o) = 7*f(o) - 4*q(o). Let s be h(4). Let r(k) = -k**2 + k - 3. Give r(s).
-3
Suppose -95 - 37 = 12*c. Let o(p) = -p - 9. Calculate o(c).
2
Let n(c) = -c**2 + 8*c + 70. Suppose -6 = 34*t - 450 - 32. Determine n(t).
-14
Let h(m) be the first derivative of 7*m - 5/6*m**3 - 1/12*m**4 - 16 + 3*m**2. Let q(a) be the first derivative of h(a). Calculate q(-5).
6
Let z(f) be the third derivative of f**3/6 + 446*f**2. Let l be 0 - (1 - (-3 + 3)). Let y(b) = b + 9. Let q(j) = l*y(j) - 4*z(j). Determine q(-11).
-2
Let b(q) = 5*q**3 - 6*q**2 + 55*q + 6. Let a(m) = -13*m**3 + 12*m**2 - 146*m - 13. Let h(c) = -2*a(c) - 5*b(c). Determine h(-5).
-64
Let f = 14623 + -14614. Let i(z) = z**2 - 25*z + 24. Determine i(f).
-120
Let s(z) be the first derivative of -z**4/24 - 10*z**3/3 + z**2/2 + 37*z - 55. Let q(u) be the second derivative of s(u). Give q(-9).
-11
Let l(s) = 2*s**3 + 2*s. Let v(t) = 49*t**3 - t**2 + 7*t - 1. Let c(r) = 3*l(r) - v(r). Give c(1).
-42
Let t(s) = 2 + 5*s**2 - 1 - 2*s - 4*s**2 + 4*s. Let m(o) = 10*o + 31. Let z be m(11). Suppose 125 = 4*l + z. Determ